-15) is divided by k?
3
Let j be 3/2 + (-7)/(-14). Suppose -j*a = 3*a - 70. Calculate the remainder when a is divided by 8.
6
Suppose 4*i + z - 10 = 0, -i + 2*z + 8 = 5*z. Calculate the remainder when 1*(3 + (2 - 2)) is divided by i.
1
Suppose 0 = -4*s - r + 161, -112 = -7*s + 4*s + r. Suppose 10*o = 55 + 45. What is the remainder when s is divided by o?
9
What is the remainder when 14/63 + 75/27 is divided by 2?
1
What is the remainder when (-1 - -69) + 1 + 0 is divided by 12?
9
Suppose 6*g - g = -3*j + 62, 5*g = -2*j + 38. Suppose 4*q = v - 43, 3*q + 0*v - v = -33. Let f = j - q. What is the remainder when f is divided by 12?
10
Let d(n) be the first derivative of 2 + 4*n + 2/3*n**3 + 3/2*n**2. What is the remainder when d(3) is divided by 11?
9
Let i(m) = -2*m + 7. Calculate the remainder when i(-11) is divided by 10.
9
Let r = -67 - -131. Calculate the remainder when r is divided by 34.
30
Let s(q) = -3*q + 8*q**2 - 2*q - 3 - q**3 - 3*q + 3*q. Let t = -1 - -22. Calculate the remainder when t is divided by s(7).
10
Suppose 2*v - 68 = -2*v. Suppose -v*t + 40 = -13*t. Calculate the remainder when 38 is divided by t.
8
What is the remainder when (-2 + 49/5)/(13/65) is divided by 11?
6
Let x(o) = o**3 - o**2 + o + 3. Let q be x(0). Suppose q*c - 5 = 28. Suppose -d = -4*a + 34 - c, 9 = -3*d. What is the remainder when 8 is divided by a?
3
Suppose o = 2*n + 11, 46 - 3 = 5*o + 2*n. What is the remainder when o is divided by 3?
0
Let b(h) = 2*h**2 - h - 4. Let y = 17 + -5. Suppose 3*k = 6, 2*o - 2*k - y = 3*k. Calculate the remainder when b(-4) is divided by o.
10
Let a = 40 + -16. What is the remainder when 118 is divided by a?
22
Let o(s) = s + 4. Let f be o(-4). Suppose -15 = -3*p - f, -y + 20 = 3*p. Calculate the remainder when 19 is divided by y.
4
Let c(o) = 2*o**2 - 5*o + 4. What is the remainder when c(4) is divided by 3*-1*9*7/(-21)?
7
Let u = 10 + -2. What is the remainder when u is divided by 3?
2
Let k = 10 + -7. Let b = k + -10. Let u(i) = -4*i + 7. Calculate the remainder when u(b) is divided by 12.
11
What is the remainder when (-1)/5 + 1932/35 is divided by 14?
13
Suppose -2*u - 2*q + 125 = u, -4*u + 4*q = -200. Suppose 7 + u = 4*i. Calculate the remainder when 38 is divided by i.
12
Suppose 3*v - 7*v + 84 = 0. Let o = v - 15. What is the remainder when o is divided by 3?
0
Let q(h) = h**3 - 6*h**2 - 1. Let s be q(6). What is the remainder when 43 is divided by (s + -14)/3*-3?
13
Let g(m) be the first derivative of -m**4/4 + 8*m**3/3 + 11*m**2/2 - m - 2. What is the remainder when (-5)/(5/(-64)) + 2 is divided by g(9)?
15
Suppose -3*d + 0*d - 12 = 0. Let b = -2 - d. Suppose 3*m = -v + m + 43, b*m = -4*v + 148. Calculate the remainder when v is divided by 12.
11
Let q(x) = -62*x**3 - x**2. Let f(y) = -y - 15. Let k be f(-14). What is the remainder when q(k) is divided by 16?
13
Suppose 0 = j - 6*j - 25. Let m = -5 - j. Calculate the remainder when (30 - (-4)/2) + m is divided by 11.
10
Let p = 148 - 73. Suppose -3*k + p = -s, -2*k + s + 40 = -3*s. What is the remainder when k is divided by 16/(-2)*7/(-4)?
12
Let r(l) = -l**3 + 10*l**2 + 2*l - 16. Let v be r(10). Suppose 8 = 4*a + v. Calculate the remainder when 3 is divided by a.
0
What is the remainder when (219/6)/(1/2) is divided by 37?
36
Let v = -17 - -40. Calculate the remainder when 113 is divided by v.
21
Let x = -28 + 50. Suppose 5*j + 4*c = -23, 2*j = 5*c - 2*c. What is the remainder when x is divided by 64/24*j/(-1)?
6
Suppose 240 = w + w. Suppose 0 = -5*m + 3*j - 6*j + 120, 5*j - w = -5*m. Suppose -3*n = -n - m. What is the remainder when 35 is divided by n?
11
Let t = 16 + -12. Suppose -3*w = -l + 2*l - 20, 0 = t*l - 3*w - 5. Suppose 0 = -5*r + r + 32. Calculate the remainder when r is divided by l.
3
Calculate the remainder when 1270/8 - 12/16 is divided by 32.
30
Let p(a) = a + 5. Let j be p(-5). Let w(z) = -z**2 + 37. Calculate the remainder when w(j) is divided by 20.
17
Let i = 211 - 148. Calculate the remainder when i is divided by 16.
15
Let o be (-70)/(-21)*27/15. Calculate the remainder when ((-75)/10)/((-1)/o) is divided by 16.
13
Suppose -p = -y - 16, 5*p - 47 = 2*p + 4*y. What is the remainder when 99 is divided by p?
14
Let c be (-9)/15 - (-52)/20. Suppose 3*q + c*n = 19, -3*q - n = -q - 13. What is the remainder when q is divided by 5?
2
Let i(y) = -y + 8. Let b be i(8). Let v be (b - 0) + 30 - -2. What is the remainder when v - (12/(-3) - -1) is divided by 18?
17
Let f be 1 + -39 + 3 + 2. Let d = 47 + f. What is the remainder when 53 is divided by d?
11
Let u be -3*(3 - 3 - 1). Let s = u + -5. What is the remainder when (42 - (s - 0)) + -2 is divided by 22?
20
Let y(s) be the second derivative of s**4/12 - s**3/3 + 3*s**2 + 7*s. Calculate the remainder when y(-3) is divided by 11.
10
Let c(k) = 30*k**2 - 1. Suppose 3*n = -n - 4. Calculate the remainder when c(n) is divided by ((-2)/(-1))/((-4)/(-30)).
14
Suppose 2*g = -4*u + 70, -u = 5*g - 233 + 76. Calculate the remainder when g is divided by 16.
15
Suppose -2*j + 24 = 4*t, 3*j = j + 5*t + 6. Suppose w - j = 3*w. Let q = 11 - w. What is the remainder when 28 is divided by q?
13
Let b = 48 + -19. Calculate the remainder when 83 is divided by b.
25
Suppose 0 = -4*q - n - 12, -4*q = -0*q - 2*n. Let u be q*18/4*3. What is the remainder when -2*1/(6/u) is divided by 5?
4
Let i be 2/10 + (-1030)/25. Let z = i - -60. Suppose 40 = 4*u - 0*u. What is the remainder when z is divided by u?
9
Suppose 3*v + 52 = 2*r, -5*v = 5*r - 50 - 30. What is the remainder when (-2)/(-6) + 678/18 is divided by r?
18
Let b = -37 + 53. Suppose -116 = 11*h - 15*h. Calculate the remainder when h is divided by b.
13
Suppose -5*u - 5*m = -3*m - 186, 2*m - 72 = -2*u. Suppose u = 2*d - 4*o, 0*o + 89 = 4*d + 5*o. Calculate the remainder when d is divided by 6.
3
Let k(h) = h**2 + 5*h + 3. Let x be k(-5). Let q(b) = -b**2 + 7*b + b + 0 - x. Calculate the remainder when 34 is divided by q(5).
10
Let d(p) = 2*p - 2. Let l(z) = -2*z + 2. Let i(k) = -2*d(k) - 3*l(k). Calculate the remainder when ((-6)/(-2))/(3 - 2) is divided by i(2).
1
Suppose -g + 12 = 37. Let r = 35 + g. Calculate the remainder when 18 is divided by r.
8
Let j(p) = 7*p + 4. Let c(a) = 7*a + 5. Let k(i) = -4*c(i) + 5*j(i). Calculate the remainder when k(4) is divided by 15.
13
Suppose i - 22 = 73. What is the remainder when i is divided by 12?
11
Let o(a) = -4*a + 9. Let p be o(12). Let m = p + 78. Calculate the remainder when m is divided by 10.
9
Let p = -49 + 52. What is the remainder when 8 is divided by p?
2
Let h be (4/(-5))/(2/(-10)). Let y(n) = n**2 + 3*n - 10. What is the remainder when y(h) is divided by 7?
4
Let n = 29 - 16. Calculate the remainder when n is divided by 2 - (0 + -1)*5.
6
Suppose 0 = 2*k - 7*k + 225. Calculate the remainder when k is divided by 12.
9
Let o(r) = -r + 3. Let f be -1 + 2/(2/(-7)). Let q(y) = 3*y - 8. Let x(t) = f*o(t) - 3*q(t). Calculate the remainder when 3 is divided by x(-2).
1
Suppose 3*f - n = -3*n + 276, 5*n + 255 = 3*f. Let b = 163 - f. What is the remainder when b is divided by 25?
23
Suppose 3*o + 2*o - 31 = 4*j, 0 = -5*o + j + 19. Suppose s - 2*s = 0, o*w = -5*s + 6. Suppose 0 = -w*c - c + 30. What is the remainder when 29 is divided by c?
9
Suppose 6 + 1 = d. Let o = d - 2. Let t = o - -1. What is the remainder when 10 is divided by t?
4
Let f(x) = -x**2 - 9*x - 2. Let g be f(-6). Suppose t + t = g. Calculate the remainder when (-30 - -1)/(3 - 4) is divided by t.
5
Suppose -q + 17 = -17. Let z(c) = -2*c**2 + c. Let n be z(3). Let d = q + n. Calculate the remainder when d is divided by 11.
8
Let j(o) = -o**2 + 5*o - o - 5*o + o**3 + 1 + 0*o. Let x be j(1). Suppose x = 3*v + 6, 0 = -0*k + 3*k + 5*v - 11. What is the remainder when 20 is divided by k?
6
Let w = 32 + -19. Let a(u) = -u**3 - u**2 - 3*u - 4. Calculate the remainder when a(-3) is divided by w.
10
Let m(u) = -u + 1. Let l be m(-1). Suppose -t + 42 = 4*v - 0*t, -41 = -3*v + 4*t. What is the remainder when v is divided by (2/1)/l*4?
3
Calculate the remainder when 6*-10*5/(-30) is divided by 6.
4
Suppose -5*g + 10 = -10. Suppose g + 14 = f. Calculate the remainder when f is divided by 5/(1*(-1)/(-1)).
3
Let d(h) = h**2 - 3*h + 3. Let j be d(3). Suppose -r = j*r - 1